 1) + -3.
-6
What is (3 - (5 + -2 + -3)) + -4?
-1
Calculate -2 + (0 - (4 + -1)).
-5
What is the value of -10 + (-6 - -5) + 6?
-5
0 + 5 + -4 + -2
-1
What is 4 + (11 - 4) + -14?
-3
(3 - (2 + -1)) + (-43 - -41)
0
Calculate 1 - 1 - (-3 - 1 - -3).
1
What is the value of -23 - (-11 + 0) - -12?
0
What is the value of 6 + (-3 - (3 - 3))?
3
What is the value of 6 + (6 - 13) + -5 + 5?
-1
Calculate (2 - (3 + -3 - -3)) + -2.
-3
What is 4 - 11 - (-3 + (11 - 16))?
1
What is the value of (1 - -3 - 0) + 0?
4
Calculate -11 + -5 + 16 + 0.
0
What is 2 - -1 - (1 - 0)?
2
What is the value of 61 - 62 - (0 + 5)?
-6
Calculate 7 + -7 + 1 + 4.
5
What is (-1 - 3 - -1) + 10 + -3?
4
Evaluate 3 - (-6 + 4 - -2).
3
3 + 2 - (-6 + 22 + -5)
-6
Evaluate 1 + (6 - (21 + -5)) + 5.
-4
What is -9 - 0 - (-4 + -9)?
4
Evaluate -3 + -1 - (-4 - 6) - 1.
5
4 + -3 + (5 - 2) + -5
-1
Evaluate -3 + 5 - (2 + 4).
-4
Evaluate (-1 + -2 + 3 - 4) + 2.
-2
1 - 1 - -6 - (-16 - -21)
1
Evaluate (24 - 22) + -6 + -1.
-5
Evaluate 6 + -4 + 4 + -3.
3
(-6 + 4 - -5) + -3
0
What is the value of -30 + 37 + (0 - 11)?
-4
What is the value of 0 + 2 + 0 + -1?
1
Evaluate -5 + 6 - -2 - (-2 - -6).
-1
Calculate (-4 + (2 - 1) - -8) + -2.
3
What is the value of -2 + 6 - 0 - (8 + -2)?
-2
Calculate -11 + (-13 - -19) + 3.
-2
Evaluate -6 + -4 - -21 - 3.
8
Calculate (10 + -4 - 3) + 1.
4
What is the value of 4 + -3 - (5 - 2)?
-2
What is 6 + (-8 - -3) + 9?
10
-2 + (9 - (-1 - -5))
3
Calculate -4 - (8 - 17) - -2.
7
What is the value of 9 + (-4 + -2 - -1)?
4
21 + -14 + 4 + -1
10
1 - (1 + -4 + -1)
5
What is -7 + 3 + -2 + 52 + -43?
3
-4 + 2 + 8 + -8
-2
What is (-5 - -10) + 3 + -2?
6
What is -5 + 13 - (1 + -1 - -3)?
5
What is the value of 3 - 7 - -10 - 4 - 7?
-5
(-4 - -7) + 0 + (0 - 0)
3
-1 + -6 + 8 - (-1 + 2)
0
What is 1 - (-3 + 1 - 1)?
4
Evaluate 1 - (3 - (5 + -2)).
1
What is the value of (-1 - -8) + (142 - 140)?
9
Evaluate (-4 + 0 - -12) + -4.
4
-6 - (-3 + 0 + -10)
7
Calculate -2 - (2 + 3 + 0 - 3).
-4
What is the value of (10 - 16 - -20) + -9 + 2?
7
What is the value of (7 + 0 - 2) + -6?
-1
Evaluate (-15 - -8) + -2 + 4.
-5
Calculate -3 - 3 - (-4 - 8).
6
What is the value of (-9 + -12 - -12) + 4?
-5
What is -6 + (-2 - -7) + 8?
7
Calculate (-1 - -2 - 2) + 1 + 0.
0
What is 10 + (11 - 24) + 8 + -1?
4
(5 - 6 - -3) + 3
5
What is the value of 1 + (3 - 6) + 5 + -7?
-4
5 + -4 + 6 + -5
2
Evaluate 3 - 1 - 0 - -2.
4
Calculate -5 + (3 - (4 - 3)).
-3
Evaluate -2 - (-4 + -1 + 4).
-1
(-1 - 7) + (14 + -8 - 0)
-2
Calculate 1 + -1 + 1 - (-76 + 82).
-5
Evaluate -3 - (-9 - -2) - -1.
5
Calculate -1 - ((2 - (-3 + 2)) + -7).
3
Calculate 3 + 0 + -4 - -1.
0
(-11 - (-13 - 4)) + 1
7
What is 2 + (-1 + 3 - (1 - -1))?
2
What is the value of -124 + 115 + (11 - 1)?
1
What is 7 - (1 - (1 - (2 + 0)))?
5
Evaluate (4 - 0 - 0) + (61 - 58).
7
-6 - (3 + (1 - 1) + -6)
-3
Calculate 5 + -4 - (-2 - -2).
1
-1 + 0 + 3 + 7 + -4
5
Evaluate -2 + -1 - (3 + (3 - 4)).
-5
Evaluate 3 + (-3 - -4) + -5.
-1
Calculate (-61 - -56) + -1 + 5.
-1
Calculate (-1 - -14) + (135 - 140).
8
What is 3 - 2 - (-2 - (2 + -5))?
0
-17 + -12 + -12 + 35
-6
2 - (-2 + -2 - -10) - 4
-8
What is the value of 5 - 1 - (-7 + 5 - -2)?
4
What is (2 - -1 - 1) + -3 + 0?
-1
What is 7 - (3 - (6 + -3 + -3))?
4
Evaluate -8 + 0 - ((-6 - -1) + 3).
-6
9 - 0 - (3 - -5)
1
Evaluate (-3 + -3 - 3) + 7.
-2
Calculate 2 + 0 - (-46 - -52).
-4
Evaluate (10 - 18) + -2 - -5.
-5
What is the value of (2 + -6 - 2) + 10 + -6?
-2
Evaluate -1 - -11 - (7 + -1).
4
What is (0 + -1 + 1 - 0) + -3?
-3
-6 + -2 - (-1 + (-5 - -3))
-5
What is -9 - (-9 - (-2 + -1))?
-3
-1 - ((0 - -1) + -2)
0
What is the value of 10 + (-7 - 4) - (-3 - -1)?
1
What is 6 - ((10 - -1) + -2 + 0)?
-3
What is the value of -1 + 0 + 2 + 3?
4
(-213 - -215) + (0 - (1 + -2))
3
Evaluate 1 - (7 + -7 + 2).
-1
(-1 + 0 - 0) + 0 + -1
-2
What is the value of (1 - (3 - 2)) + -4 + 6?
2
What is the value of -1 - (-5 - -7) - 1?
-4
Evaluate -1 - (-3 + 2) - (3 - -2).
-5
Evaluate 6 - (-3 + 5 + -4).
8
9 + -20 + 12 - (-2 + 0)
3
What is the value of -22 + 20 + (3 - 7)?
-6
6 - (-2 - (-6 + 0))
2
-6 - (-4 + 9 - 11)
0
Evaluate -1 + 6 - (-8 + -2 + 13).
2
What is -7 + 12 - (2 + (4 - 1))?
0
What is 2 - (2 + -4) - (0 + 8)?
-4
Calculate 1 + -10 + (90 - 87).
-6
Evaluate -17 - -15 - (1 - 8).
5
What is the value of 3 + (-5 - -2) - 4?
-4
What is 14 + -7 - 1 - 2?
4
0 + 7 - (-13 + 19)
1
Evaluate 0 - (3 - (0 + 3)).
0
Calculate (8 - 16) + (-4 - -9).
-3
Calculate (3 - 6) + (-2 - 0).
-5
What is (-3 - -1) + 1 + (6 - 7)?
-2
What is -6 + (5 - 7) + 3?
-5
What is -6 + -3 + 7 - (-1 - 2)?
1
What is -11 + (-1 + -7 - -12)?
-7
What is the value of 3 + -6 + (-14 - -7) + 6?
-4
Calculate (8 - 8) + -5 + 1.
-4
What is 6 + (0 - (9 - 0))?
-3
1 - (2 - 0) - (25 + -26)
0
What is the value of -18 - (-16 + 18 + (-10 - 0))?
-10
Calculate 6 + -9 + 3 - 5.
-5
3 - -2 - (2 + 0)
3
-3 + 2 + -2 + 2 + 0
-1
Evaluate -1 + 0 + 4 + (1 - 3).
1
Evaluate -5 + 9 - (-1 - -2).
3
What is -4 + 0 + 4 + 1?
1
2 + 10 + (5 - 12)
5
8 + -2 + -7 + (3 - 0)
2
Calculate 3 + (-2 - (-8 - -3) - 6).
0
(-2 - 8) + 5 + -4 - -8
-1
(-13 - -1) + (15 - 8 - 4)
-9
Evaluate -2 + (2 - (-3 + 6)).
-3
Evaluate 3 - (-7 + 6 + 4).
0
Evaluate 5 + -15 + 8 + -3.
-5
What is 10 + (-4 - 7) + 4?
3
What is the value of 4 + (5 - 7 - 2)?
0
Evaluate 3 - 7 - (7 - 17 - -2).
4
What is the value of -16 + 19 + -13 + 1?
-9
What is the value of 0 - 1 - -2 - -3?
4
What is 2 - (6 + -4 + -6)?
6
Calculate 1 + (-22 - -8) + 7.
-6
Calculate (7 - -3 - 15) + 4.
-1
-2 + (-1 + 1 - (25 - 25))
-2
-1 + 5 - (-15 + -17 + 33)
3
What is -3 - 2 - (-15 + 3)?
7
Evaluate -4 + (-3 - -8 - 5) - 2.
-6
What is -3 - (-7 - -3) - (5 - 2)?
-2
4 + 1 + (0 - 9)
-4
Calculate (-1 + 2 - (10 - 5)) + 0.
-4
Evaluate (-24 + 23 - (-1 + -2)) + -5.
-3
Evaluate 4 - 2 - (-5 + 3 - -9).
-5
Evaluate (-2 - 3) + (0 - 0).
-5
Evaluate (6 - (4 - -15)) + 24.
11
(-5 - -7) + (4 - 1)
5
What is (6 - 10) + 7 + 0?
3
Calculate -3 - (-1 + -7 + 5).
0
What is -4 + -1 + 3 + 4 + -2?
0
Evaluate (4 + -5 - 3) + -1 + -1.
-6
Evaluate 2 - ((-1 - 2) + 6 + -6).
5
What is (4 - -1) + (-13 - -12) + -5?
-1
-2 - 1 - ((2 - 2) + -2)
-1
Calculate -1 + 2 - (85 - 89).
5
What is 10 - 12 - -3 - (-3 + 2)?
2
Calculate (-3 - 5) + -1 + 4.
-5
Evaluate -3 - (-11 + -2 + 8).
2
What is the value of 1 - (1 + (2 - 5) + 8)?
-5
Evaluate -9 + 8 + 4 + -10 + 4.
-3
What is the value of (-6 - -1) + -4 + 4?
-5
Calculate 1 - 3 - -5 - 4 - -2.
1
Evaluate 10 + 3 + (-26 - -12).
-1
What is 9 + (2 - 10 - (-1 - 5))?
7
Evaluate 4 - (1 + -3 + 6) - -5.
5
What is the value of 4 + -5 + 7 - (14 + 2)?
-10
What is the value of 8 + -1 + -2 + 0?
5
What is the value of -3 - (0 + (-3 - 6))?
6
Calculate -15 + (-12 - -5) + 25.
3
Evaluate -8 + 8 + 4 - -1.
5
What is the value of (10 - 2 - 10) + 6?
4
37 + -46 + 2 + 4
-3
(-2 - -3) + 1 - (5 + -5)
2
Evaluate 2 + (-6 - -7 - 6).
-3
What is -2 + 6 - (-2 + 4)?
2
Calculate -2 + 21 - 22 - (-2 + 0).
-1
Calculate 2 - (0 - ((-1 - -2) + 1)).
4
What is 7 - ((-1 - (-2 + -1)) + 0)?
5
What is the value of 0 + 5 + -5 + 1?
1
Evaluate 93 - 95 - (-1 - (1 + -1)).
-1
Calculate 3 + 1 + -5 + 1 - 2.
-2
What is -2 + 12 - -1 - 3 - 3?
5
What is -5 - (3 + (-4 - -3 - 3))?
-4
What is the value of 8 + (-13 - -3) + 10?
8
-3 + (1 - (-2 - -2))
-2
Evaluate 1 - (-5 + (17 - 7)).
-4
Evaluate (-23 - -17) + (8 - 1).
1
What is the value of 3 + (3 + 2 - 3) + -2?
3
Calculate 1 + -16 - (6 - (-2 - -15)).
-8
What is the value of (-3 - 12 - -8) + 13?
6
Evaluate -12 - (9 - 1 - 13).
-7
What is 1 - (0 + 0 - (-11 - -9))?
-1
What is the value of 3 + (-8 - (-1 + 0 - 1))?
-3
What is -8 - -4 - -5 - 0 - 3?
-2
Calculate 1 + -3 + 1 - (-7 - 3).
9
What is the value of -11 - (-5 + (-4 + -1 - -5))?
-6
Calculate -7 + -1 + 2 + -5 + 9.
-2
Evaluate -14 + 12 - (-2 + 1).
-1
Evaluate -10 - -5 - (-4 - -1).
-2
What is (2 - (3 - 0)) + 4?
3
What is the value of -15 + (17 + -14 - -4)?
-8
Calculate (4 - 1) + -9 + 11.
5
Calculate 6 + (-1 - 12) + (0 - -6).
-1
What is 1 - (-6 + 3 - -2)?
2
Evaluate (-5 - -5) + -5 + 2.
-3
Evaluate -1 - (0 + 4 + -14 + 9).
0
10 - ((-1 - -5) + -2 - -3)
5
Calculate 3 + -4 - 5 - -10.
4
What is 3 + (-3 - 3) + 0?
-3
Calculate (1 - -14) + 13 + -19.
9
What is the value of 2 + -9 + 6 + -2 + 1?
-2
What is the value of (12 - 12 - (7 + 2)) + 7?
-2
Calculate 6 + (-8 - (-1 - (-2 - 5))).
-8
Calculate 2 - (-4 + (3 - 2) + 3).
2
Evaluate 1 + (-11 + 5 -